{"id":3111,"date":"2026-03-03T15:25:56","date_gmt":"2026-03-03T13:25:56","guid":{"rendered":"https:\/\/brestinsoumise.fr\/index.php\/cp-pour-un-reseau-de-defense-des-libertes-communales\/"},"modified":"2026-03-03T15:26:33","modified_gmt":"2026-03-03T13:26:33","slug":"cp-pour-un-reseau-de-defense-des-libertes-communales","status":"publish","type":"page","link":"https:\/\/brestinsoumise.fr\/index.php\/cp-pour-un-reseau-de-defense-des-libertes-communales\/","title":{"rendered":"CP Pour un r\u00e9seau de d\u00e9fense des libert\u00e9s communales"},"content":{"rendered":"","protected":false},"excerpt":{"rendered":"","protected":false},"author":6,"featured_media":0,"parent":0,"menu_order":0,"comment_status":"closed","ping_status":"closed","template":"full-width","meta":{"saved_in_kubio":true,"footnotes":""},"class_list":["post-3111","page","type-page","status-publish","hentry"],"kubio_ai_page_context":{"short_desc":"","purpose":"general"},"_links":{"self":[{"href":"https:\/\/brestinsoumise.fr\/index.php\/wp-json\/wp\/v2\/pages\/3111","targetHints":{"allow":["GET"]}}],"collection":[{"href":"https:\/\/brestinsoumise.fr\/index.php\/wp-json\/wp\/v2\/pages"}],"about":[{"href":"https:\/\/brestinsoumise.fr\/index.php\/wp-json\/wp\/v2\/types\/page"}],"author":[{"embeddable":true,"href":"https:\/\/brestinsoumise.fr\/index.php\/wp-json\/wp\/v2\/users\/6"}],"replies":[{"embeddable":true,"href":"https:\/\/brestinsoumise.fr\/index.php\/wp-json\/wp\/v2\/comments?post=3111"}],"version-history":[{"count":1,"href":"https:\/\/brestinsoumise.fr\/index.php\/wp-json\/wp\/v2\/pages\/3111\/revisions"}],"predecessor-version":[{"id":3112,"href":"https:\/\/brestinsoumise.fr\/index.php\/wp-json\/wp\/v2\/pages\/3111\/revisions\/3112"}],"wp:attachment":[{"href":"https:\/\/brestinsoumise.fr\/index.php\/wp-json\/wp\/v2\/media?parent=3111"}],"curies":[{"name":"wp","href":"https:\/\/api.w.org\/{rel}","templated":true}]}}

CP Pour un réseau de défense des libertés communales
