{"id":3270,"date":"2026-03-10T11:58:25","date_gmt":"2026-03-10T09:58:25","guid":{"rendered":"https:\/\/brestinsoumise.fr\/index.php\/cp-pour-legalite-et-les-libertes-publiques-contre-lextreme-droite\/"},"modified":"2026-03-10T12:11:21","modified_gmt":"2026-03-10T10:11:21","slug":"cp-pour-legalite-et-les-libertes-publiques-contre-lextreme-droite","status":"publish","type":"page","link":"https:\/\/brestinsoumise.fr\/index.php\/cp-pour-legalite-et-les-libertes-publiques-contre-lextreme-droite\/","title":{"rendered":"CP Pour l\u2019\u00e9galit\u00e9 et les libert\u00e9s publiques, contre l\u2019extr\u00eame-droite"},"content":{"rendered":"","protected":false},"excerpt":{"rendered":"","protected":false},"author":6,"featured_media":0,"parent":0,"menu_order":0,"comment_status":"closed","ping_status":"closed","template":"full-width","meta":{"saved_in_kubio":true,"footnotes":""},"class_list":["post-3270","page","type-page","status-publish","hentry"],"kubio_ai_page_context":{"short_desc":"","purpose":"general"},"_links":{"self":[{"href":"https:\/\/brestinsoumise.fr\/index.php\/wp-json\/wp\/v2\/pages\/3270","targetHints":{"allow":["GET"]}}],"collection":[{"href":"https:\/\/brestinsoumise.fr\/index.php\/wp-json\/wp\/v2\/pages"}],"about":[{"href":"https:\/\/brestinsoumise.fr\/index.php\/wp-json\/wp\/v2\/types\/page"}],"author":[{"embeddable":true,"href":"https:\/\/brestinsoumise.fr\/index.php\/wp-json\/wp\/v2\/users\/6"}],"replies":[{"embeddable":true,"href":"https:\/\/brestinsoumise.fr\/index.php\/wp-json\/wp\/v2\/comments?post=3270"}],"version-history":[{"count":2,"href":"https:\/\/brestinsoumise.fr\/index.php\/wp-json\/wp\/v2\/pages\/3270\/revisions"}],"predecessor-version":[{"id":3275,"href":"https:\/\/brestinsoumise.fr\/index.php\/wp-json\/wp\/v2\/pages\/3270\/revisions\/3275"}],"wp:attachment":[{"href":"https:\/\/brestinsoumise.fr\/index.php\/wp-json\/wp\/v2\/media?parent=3270"}],"curies":[{"name":"wp","href":"https:\/\/api.w.org\/{rel}","templated":true}]}}

CP Pour l’égalité et les libertés publiques, contre l’extrême-droite
