{"id":3567,"date":"2026-04-07T13:53:15","date_gmt":"2026-04-07T11:53:15","guid":{"rendered":"https:\/\/brestinsoumise.fr\/index.php\/intervention-parite-delegations-et-travail-avec-brest-insoumise\/"},"modified":"2026-04-07T22:46:01","modified_gmt":"2026-04-07T20:46:01","slug":"intervention-parite-delegations-et-travail-avec-brest-insoumise","status":"publish","type":"page","link":"https:\/\/brestinsoumise.fr\/index.php\/intervention-parite-delegations-et-travail-avec-brest-insoumise\/","title":{"rendered":"Intervention Parit\u00e9, d\u00e9l\u00e9gations et travail avec Brest insoumise"},"content":{"rendered":"\n\n","protected":false},"excerpt":{"rendered":"","protected":false},"author":6,"featured_media":0,"parent":0,"menu_order":0,"comment_status":"closed","ping_status":"closed","template":"full-width","meta":{"saved_in_kubio":true,"footnotes":""},"class_list":["post-3567","page","type-page","status-publish","hentry"],"kubio_ai_page_context":{"short_desc":"","purpose":"general"},"_links":{"self":[{"href":"https:\/\/brestinsoumise.fr\/index.php\/wp-json\/wp\/v2\/pages\/3567","targetHints":{"allow":["GET"]}}],"collection":[{"href":"https:\/\/brestinsoumise.fr\/index.php\/wp-json\/wp\/v2\/pages"}],"about":[{"href":"https:\/\/brestinsoumise.fr\/index.php\/wp-json\/wp\/v2\/types\/page"}],"author":[{"embeddable":true,"href":"https:\/\/brestinsoumise.fr\/index.php\/wp-json\/wp\/v2\/users\/6"}],"replies":[{"embeddable":true,"href":"https:\/\/brestinsoumise.fr\/index.php\/wp-json\/wp\/v2\/comments?post=3567"}],"version-history":[{"count":6,"href":"https:\/\/brestinsoumise.fr\/index.php\/wp-json\/wp\/v2\/pages\/3567\/revisions"}],"predecessor-version":[{"id":3731,"href":"https:\/\/brestinsoumise.fr\/index.php\/wp-json\/wp\/v2\/pages\/3567\/revisions\/3731"}],"wp:attachment":[{"href":"https:\/\/brestinsoumise.fr\/index.php\/wp-json\/wp\/v2\/media?parent=3567"}],"curies":[{"name":"wp","href":"https:\/\/api.w.org\/{rel}","templated":true}]}}

Intervention Parité, délégations et travail avec Brest insoumise
