{"id":3577,"date":"2026-04-07T14:04:21","date_gmt":"2026-04-07T12:04:21","guid":{"rendered":"https:\/\/brestinsoumise.fr\/index.php\/intervention-de-limperatif-de-la-disponiblite-des-elu-es\/"},"modified":"2026-04-07T22:45:13","modified_gmt":"2026-04-07T20:45:13","slug":"intervention-de-limperatif-de-la-disponiblite-des-elu-es","status":"publish","type":"page","link":"https:\/\/brestinsoumise.fr\/index.php\/intervention-de-limperatif-de-la-disponiblite-des-elu-es\/","title":{"rendered":"Intervention De l&rsquo;imp\u00e9ratif de la disponiblit\u00e9 des \u00e9lu.es"},"content":{"rendered":"\n\n","protected":false},"excerpt":{"rendered":"","protected":false},"author":6,"featured_media":0,"parent":0,"menu_order":0,"comment_status":"closed","ping_status":"closed","template":"full-width","meta":{"saved_in_kubio":true,"footnotes":""},"class_list":["post-3577","page","type-page","status-publish","hentry"],"kubio_ai_page_context":{"short_desc":"","purpose":"general"},"_links":{"self":[{"href":"https:\/\/brestinsoumise.fr\/index.php\/wp-json\/wp\/v2\/pages\/3577","targetHints":{"allow":["GET"]}}],"collection":[{"href":"https:\/\/brestinsoumise.fr\/index.php\/wp-json\/wp\/v2\/pages"}],"about":[{"href":"https:\/\/brestinsoumise.fr\/index.php\/wp-json\/wp\/v2\/types\/page"}],"author":[{"embeddable":true,"href":"https:\/\/brestinsoumise.fr\/index.php\/wp-json\/wp\/v2\/users\/6"}],"replies":[{"embeddable":true,"href":"https:\/\/brestinsoumise.fr\/index.php\/wp-json\/wp\/v2\/comments?post=3577"}],"version-history":[{"count":7,"href":"https:\/\/brestinsoumise.fr\/index.php\/wp-json\/wp\/v2\/pages\/3577\/revisions"}],"predecessor-version":[{"id":3729,"href":"https:\/\/brestinsoumise.fr\/index.php\/wp-json\/wp\/v2\/pages\/3577\/revisions\/3729"}],"wp:attachment":[{"href":"https:\/\/brestinsoumise.fr\/index.php\/wp-json\/wp\/v2\/media?parent=3577"}],"curies":[{"name":"wp","href":"https:\/\/api.w.org\/{rel}","templated":true}]}}

Intervention De l&rsquo;impératif de la disponiblité des élu.es
