{"id":3832,"date":"2026-04-16T23:20:56","date_gmt":"2026-04-16T21:20:56","guid":{"rendered":"https:\/\/brestinsoumise.fr\/index.php\/intervention-metropole-la-transparence-de-laction-publique-est-necessaire\/"},"modified":"2026-04-16T23:21:57","modified_gmt":"2026-04-16T21:21:57","slug":"intervention-metropole-la-transparence-de-laction-publique-est-necessaire","status":"publish","type":"page","link":"https:\/\/brestinsoumise.fr\/index.php\/intervention-metropole-la-transparence-de-laction-publique-est-necessaire\/","title":{"rendered":"Intervention M\u00e9tropole &#8211; La transparence de l&rsquo;action publique est n\u00e9c\u00e9ssaire"},"content":{"rendered":"\n\n","protected":false},"excerpt":{"rendered":"","protected":false},"author":6,"featured_media":0,"parent":0,"menu_order":0,"comment_status":"closed","ping_status":"closed","template":"full-width","meta":{"saved_in_kubio":true,"footnotes":""},"class_list":["post-3832","page","type-page","status-publish","hentry"],"kubio_ai_page_context":{"short_desc":"","purpose":"general"},"_links":{"self":[{"href":"https:\/\/brestinsoumise.fr\/index.php\/wp-json\/wp\/v2\/pages\/3832","targetHints":{"allow":["GET"]}}],"collection":[{"href":"https:\/\/brestinsoumise.fr\/index.php\/wp-json\/wp\/v2\/pages"}],"about":[{"href":"https:\/\/brestinsoumise.fr\/index.php\/wp-json\/wp\/v2\/types\/page"}],"author":[{"embeddable":true,"href":"https:\/\/brestinsoumise.fr\/index.php\/wp-json\/wp\/v2\/users\/6"}],"replies":[{"embeddable":true,"href":"https:\/\/brestinsoumise.fr\/index.php\/wp-json\/wp\/v2\/comments?post=3832"}],"version-history":[{"count":1,"href":"https:\/\/brestinsoumise.fr\/index.php\/wp-json\/wp\/v2\/pages\/3832\/revisions"}],"predecessor-version":[{"id":3833,"href":"https:\/\/brestinsoumise.fr\/index.php\/wp-json\/wp\/v2\/pages\/3832\/revisions\/3833"}],"wp:attachment":[{"href":"https:\/\/brestinsoumise.fr\/index.php\/wp-json\/wp\/v2\/media?parent=3832"}],"curies":[{"name":"wp","href":"https:\/\/api.w.org\/{rel}","templated":true}]}}

Intervention Métropole &#8211; La transparence de l&rsquo;action publique est nécéssaire
