{"id":3843,"date":"2026-04-16T23:35:33","date_gmt":"2026-04-16T21:35:33","guid":{"rendered":"https:\/\/brestinsoumise.fr\/index.php\/intervention-metropole-les-minorites-metropolitaines-doivent-etre-representees\/"},"modified":"2026-04-16T23:36:25","modified_gmt":"2026-04-16T21:36:25","slug":"intervention-metropole-les-minorites-metropolitaines-doivent-etre-representees","status":"publish","type":"page","link":"https:\/\/brestinsoumise.fr\/index.php\/intervention-metropole-les-minorites-metropolitaines-doivent-etre-representees\/","title":{"rendered":"Intervention M\u00e9tropole &#8211; Les minorit\u00e9s m\u00e9tropolitaines doivent \u00eatre repr\u00e9sent\u00e9es"},"content":{"rendered":"\n\n","protected":false},"excerpt":{"rendered":"","protected":false},"author":6,"featured_media":0,"parent":0,"menu_order":0,"comment_status":"closed","ping_status":"closed","template":"full-width","meta":{"saved_in_kubio":true,"footnotes":""},"class_list":["post-3843","page","type-page","status-publish","hentry"],"kubio_ai_page_context":{"short_desc":"","purpose":"general"},"_links":{"self":[{"href":"https:\/\/brestinsoumise.fr\/index.php\/wp-json\/wp\/v2\/pages\/3843","targetHints":{"allow":["GET"]}}],"collection":[{"href":"https:\/\/brestinsoumise.fr\/index.php\/wp-json\/wp\/v2\/pages"}],"about":[{"href":"https:\/\/brestinsoumise.fr\/index.php\/wp-json\/wp\/v2\/types\/page"}],"author":[{"embeddable":true,"href":"https:\/\/brestinsoumise.fr\/index.php\/wp-json\/wp\/v2\/users\/6"}],"replies":[{"embeddable":true,"href":"https:\/\/brestinsoumise.fr\/index.php\/wp-json\/wp\/v2\/comments?post=3843"}],"version-history":[{"count":1,"href":"https:\/\/brestinsoumise.fr\/index.php\/wp-json\/wp\/v2\/pages\/3843\/revisions"}],"predecessor-version":[{"id":3844,"href":"https:\/\/brestinsoumise.fr\/index.php\/wp-json\/wp\/v2\/pages\/3843\/revisions\/3844"}],"wp:attachment":[{"href":"https:\/\/brestinsoumise.fr\/index.php\/wp-json\/wp\/v2\/media?parent=3843"}],"curies":[{"name":"wp","href":"https:\/\/api.w.org\/{rel}","templated":true}]}}

Intervention Métropole &#8211; Les minorités métropolitaines doivent être représentées
